 common factor of 4399 and 53?
53
What is the highest common factor of 525 and 5600?
175
Calculate the highest common factor of 34 and 221.
17
What is the greatest common factor of 32908 and 76?
76
Calculate the highest common divisor of 329 and 91.
7
Calculate the highest common factor of 44 and 594.
22
What is the greatest common factor of 196 and 12?
4
Calculate the greatest common factor of 26847 and 38.
19
What is the highest common divisor of 48 and 2864?
16
Calculate the greatest common factor of 76 and 304.
76
Calculate the highest common factor of 42 and 30.
6
What is the highest common divisor of 24 and 876?
12
What is the highest common divisor of 27 and 810?
27
Calculate the greatest common divisor of 102 and 527.
17
What is the highest common factor of 16 and 296?
8
Calculate the greatest common divisor of 450 and 74.
2
Calculate the greatest common divisor of 575 and 75.
25
What is the highest common divisor of 478 and 16491?
239
Calculate the highest common factor of 1456 and 784.
112
What is the highest common divisor of 55 and 155?
5
Calculate the greatest common factor of 5 and 3395.
5
What is the highest common factor of 475 and 125?
25
Calculate the greatest common factor of 646 and 238.
34
Calculate the highest common factor of 30 and 4176.
6
Calculate the highest common factor of 664 and 8.
8
Calculate the highest common divisor of 128 and 80.
16
Calculate the highest common divisor of 169 and 26.
13
What is the highest common factor of 55 and 143?
11
What is the greatest common factor of 57 and 570?
57
What is the greatest common divisor of 252 and 8484?
84
What is the highest common factor of 10816 and 312?
104
What is the greatest common divisor of 3317 and 107?
107
What is the greatest common factor of 376 and 141?
47
Calculate the highest common factor of 3690 and 1170.
90
What is the highest common divisor of 979 and 267?
89
Calculate the highest common divisor of 8 and 124.
4
Calculate the greatest common factor of 1638 and 378.
126
What is the highest common divisor of 728 and 168?
56
Calculate the greatest common factor of 1419 and 1376.
43
Calculate the highest common divisor of 102 and 374.
34
What is the greatest common factor of 85 and 5?
5
Calculate the greatest common divisor of 1209 and 12.
3
What is the highest common factor of 570 and 456?
114
What is the greatest common factor of 98 and 14?
14
Calculate the highest common factor of 87 and 25.
1
Calculate the greatest common divisor of 8360 and 88.
88
What is the highest common factor of 1881 and 121?
11
What is the greatest common factor of 2079 and 308?
77
What is the highest common factor of 2 and 178?
2
Calculate the greatest common factor of 1794 and 91.
13
Calculate the greatest common divisor of 924 and 19635.
231
Calculate the highest common divisor of 140 and 6412.
28
Calculate the highest common divisor of 38 and 78.
2
Calculate the greatest common divisor of 161 and 621.
23
What is the greatest common factor of 12630 and 15?
15
What is the greatest common divisor of 128 and 224?
32
What is the greatest common divisor of 123 and 164?
41
What is the highest common divisor of 6 and 34?
2
Calculate the highest common factor of 62 and 4.
2
Calculate the highest common divisor of 57 and 95.
19
Calculate the greatest common divisor of 20 and 7140.
20
Calculate the highest common factor of 100 and 20.
20
Calculate the highest common divisor of 105 and 10785.
15
Calculate the greatest common divisor of 7485 and 15.
15
Calculate the highest common divisor of 26944 and 421.
421
Calculate the highest common factor of 2952 and 12.
12
Calculate the greatest common factor of 360 and 135.
45
What is the greatest common divisor of 14815 and 5?
5
What is the highest common divisor of 2975 and 119?
119
What is the highest common divisor of 140 and 595?
35
Calculate the highest common factor of 130 and 55.
5
Calculate the greatest common divisor of 68 and 65620.
68
Calculate the highest common factor of 4998 and 882.
294
What is the greatest common divisor of 899 and 319?
29
What is the greatest common divisor of 162 and 342?
18
Calculate the greatest common factor of 172 and 5246.
86
What is the highest common divisor of 16 and 24?
8
Calculate the greatest common factor of 61 and 244.
61
Calculate the greatest common factor of 20 and 1080.
20
Calculate the highest common divisor of 22 and 78.
2
Calculate the highest common divisor of 781 and 77.
11
What is the highest common factor of 646 and 34?
34
Calculate the highest common divisor of 18 and 12.
6
Calculate the highest common divisor of 663 and 39.
39
Calculate the greatest common divisor of 12 and 24.
12
What is the greatest common divisor of 55 and 88?
11
What is the highest common divisor of 159 and 40704?
159
What is the greatest common divisor of 8 and 36?
4
Calculate the greatest common factor of 30 and 570.
30
What is the highest common factor of 219 and 13?
1
What is the greatest common divisor of 162 and 144?
18
What is the greatest common factor of 270 and 900?
90
What is the greatest common divisor of 142 and 13987?
71
What is the highest common factor of 62 and 527?
31
Calculate the highest common factor of 52 and 104.
52
Calculate the highest common factor of 5859 and 189.
189
Calculate the highest common divisor of 62 and 527.
31
Calculate the greatest common factor of 16 and 2152.
8
Calculate the greatest common divisor of 171 and 1368.
171
Calculate the greatest common divisor of 11 and 121.
11
Calculate the highest common divisor of 403 and 31.
31
What is the greatest common divisor of 26 and 10?
2
Calculate the greatest common divisor of 32 and 5344.
32
What is the greatest common divisor of 5 and 7005?
5
Calculate the highest common factor of 15 and 309.
3
What is the greatest common factor of 2368 and 32?
32
Calculate the highest common divisor of 572 and 7579.
143
What is the greatest common factor of 14 and 518?
14
Calculate the greatest common divisor of 73 and 75409.
73
Calculate the highest common divisor of 403 and 52.
13
Calculate the greatest common factor of 3 and 27.
3
What is the highest common divisor of 9291 and 57?
57
Calculate the greatest common factor of 12 and 8292.
12
Calculate the highest common divisor of 6 and 14409.
3
Calculate the greatest common divisor of 9 and 144.
9
What is the highest common divisor of 530 and 371?
53
What is the greatest common divisor of 78 and 12?
6
What is the highest common divisor of 2146 and 986?
58
What is the highest common divisor of 35 and 1253?
7
What is the greatest common divisor of 248 and 24?
8
What is the highest common divisor of 15402 and 204?
102
Calculate the highest common factor of 476 and 28.
28
Calculate the highest common factor of 6615 and 90.
45
Calculate the highest common factor of 56 and 16.
8
What is the greatest common divisor of 100 and 800?
100
Calculate the greatest common factor of 81 and 2700.
27
Calculate the greatest common factor of 42 and 1686.
6
Calculate the highest common factor of 40 and 3160.
40
Calculate the highest common divisor of 320 and 3280.
80
Calculate the greatest common factor of 1014 and 3978.
78
What is the highest common divisor of 116 and 17806?
58
Calculate the greatest common divisor of 264 and 6369.
33
Calculate the highest common divisor of 22 and 297.
11
What is the greatest common factor of 33 and 176?
11
Calculate the greatest common factor of 16 and 48.
16
What is the highest common factor of 75 and 23775?
75
What is the greatest common factor of 130 and 26?
26
Calculate the highest common divisor of 330 and 762.
6
Calculate the highest common divisor of 175 and 1100.
25
What is the greatest common divisor of 13 and 104?
13
Calculate the greatest common divisor of 4002 and 138.
138
What is the highest common divisor of 11426 and 174?
58
Calculate the greatest common factor of 945 and 2646.
189
What is the highest common factor of 113 and 565?
113
What is the greatest common divisor of 1000 and 40?
40
What is the greatest common divisor of 154 and 5313?
77
What is the greatest common divisor of 700 and 112?
28
What is the highest common factor of 172 and 559?
43
What is the greatest common factor of 34 and 5117?
17
What is the highest common divisor of 1275 and 51?
51
Ca